)). Suppose -t = -3*n + 280. What is the units digit of n?
9
Let j(v) = v**2 + v - 9. Let t be j(-4). Suppose t*h - 15 = -9. Suppose -4*p = 3*r - 10, 0 = -5*r + h*p + 13 + 21. What is the units digit of r?
6
Suppose 2125*i - 2122*i - 97801 = 2*u, 5*i - 162999 = 3*u. What is the hundreds digit of i?
5
Suppose 0*o + 2*o - 6 = -b, 5*o = 4*b - 11. Suppose -25 = b*y - 9*y. Suppose -2*v - y*l = -220, -2*l - 339 = -3*v - 5*l. What is the tens digit of v?
1
Let z(u) = 22*u + 2*u - 16 + 14*u + 4*u. Let m be z(5). Suppose 15*c - m = 1696. What is the tens digit of c?
2
Suppose 20*o - 33391 + 10711 = 0. Suppose n = 3, -9*w + 6*w = -n - o. What is the hundreds digit of w?
3
What is the tens digit of (-187)/85 - (-20418)/15?
5
Let r(y) = y + 116. Let f be r(0). Suppose -f = i + 87. Let k = -70 - i. What is the hundreds digit of k?
1
Let r = -151 - -553. Let i = 789 - r. What is the units digit of i?
7
Let b(u) = u**2 + 11*u + 21. Let y be b(-8). What is the units digit of (-10)/30 - 1366/y?
5
Let q be ((-15)/20)/(((-27)/(-2892))/(-9)). Let b = -453 + q. What is the units digit of b?
0
Let h be -1 + 2 + (-2 - 41). Let p = h - -47. Suppose y - n = 18, p*y - 3*n - 71 = y. What is the tens digit of y?
1
What is the thousands digit of (-35024)/(-12) + (-26)/39?
2
Suppose -3*p - 1504 = -4*t, 2*p = -19 + 11. Suppose z - 3*z = 2, -t = -3*o + z. What is the units digit of o?
4
Let u = -9751 - -12865. What is the units digit of u?
4
Suppose -a + 38 = 2*w - w, 4*w - 147 = -3*a. Suppose -4*j + w*j = 16298. What is the hundreds digit of j?
5
Let y(r) = -44 + 2*r + 4*r + r. Let g = -1761 - -1787. What is the hundreds digit of y(g)?
1
Let p be ((2 - -1) + -3)/2. Suppose 0 = q - p*q. Suppose 6*d - 2*d - 12 = q, 2*d = 2*z - 32. What is the tens digit of z?
1
Let p = 38 - 40. Let k(w) = 2*w**3 - 3*w**2 - w + 6. Let z be k(p). What is the tens digit of (384/(-10))/(3/z)?
5
Suppose 118*d - 106*d - 246876 = 0. What is the thousands digit of d?
0
Let w = 28 + -35. Let x(u) = -42*u + 78. What is the tens digit of x(w)?
7
Let t(f) = 77*f**2 + 76*f + 900. What is the tens digit of t(-11)?
8
Let r(p) = -2*p**3 + 14*p**2 - 5*p + 37. Let x be r(7). Suppose -x*v + 1242 = 16*v. What is the units digit of v?
9
Suppose 4*p = 2 + 14. Let b(x) = 17*x - 2. Let w be b(p). Let v = w - 26. What is the units digit of v?
0
Let s be 35/2*(-1 + 3). Let a(k) = 108*k - 10 + s*k + 12. What is the tens digit of a(1)?
4
Suppose -4*v = 2*i - 59400, -118788 = -4*i - 30*v + 26*v. What is the units digit of i?
4
Let z(d) = d**2 + 20*d + 20. Let c be z(24). Suppose -c = 90*s - 94*s. What is the units digit of s?
9
Let z be -2 - ((-30)/(-135) + 4187/(-9)). Suppose 6*l - z = 293. What is the units digit of l?
6
Let p(w) = w**3 - 7*w**2 - 87*w + 44. What is the units digit of p(25)?
9
Let f(i) = -2*i**2 - 8*i + 17. Let x(c) = -1. Let v(p) = f(p) + 4*x(p). Let o be v(-7). Let q = 65 + o. What is the units digit of q?
6
What is the thousands digit of (-4837728)/(-108) + 24/108?
4
Let t(f) = 2*f**2 - 20*f + 9. Let m = 48 - 38. Let a be t(m). What is the hundreds digit of a/12*214 - (-3)/(-6)?
1
Let o(h) be the third derivative of -h**6/120 - 5*h**4/8 + 1639*h**3/6 + 7*h**2 + 2. What is the hundreds digit of o(0)?
6
Suppose -32 = -4*o + 60. Let f(d) = 13*d + 6 + 0*d - o - d**2. What is the units digit of f(5)?
3
Let s be (-1)/2 - 25/(-2). Suppose -4*j = 7*p - s*p - 23, -3*j - 6 = 4*p. Suppose -4*r = -t - 8*r - 13, j*t + 10 = -4*r. What is the units digit of t?
3
Let n be 447 + ((-3)/(-15) - (-28)/10). Suppose -q = -6*q + n. Let i = q - 74. What is the units digit of i?
6
Let t(b) be the first derivative of 127*b**3/3 - b**2/2 + b - 5. Let y be t(-1). Suppose -q - 37 = -y. What is the tens digit of q?
9
Let c be (-9)/2*8/(-6). Suppose -10424 = 69*z + 87487. What is the tens digit of z/(-18) + 1/c?
7
Let b(z) = -8*z - 2. Let s = -89 + 89. Let c be b(s). Let u(j) = -8*j**3 - j - 6. What is the tens digit of u(c)?
6
Suppose 197*x - 3*k = 196*x + 4594, -2*k = 5*x - 23004. What is the hundreds digit of x?
6
Suppose 272*f - 14*f + 869806 = 3441808. What is the tens digit of f?
6
Let l(o) = 224*o**2 + 18*o + 146. What is the thousands digit of l(-11)?
7
Let l = 169 + -164. Suppose -3*m = 2*f - 53 - 48, -5*m = -l*f - 135. What is the tens digit of m?
3
Let o(z) = z**3 - 49*z**2 - 100*z + 193. What is the thousands digit of o(53)?
6
What is the thousands digit of (-12)/(-5)*64880/24 - (-10 - -13)?
6
Suppose 0 = 6*q - 3*q - 48. Let v(c) be the second derivative of c**5/20 - 17*c**4/12 + 10*c**3/3 + 39*c**2/2 - 22*c. What is the hundreds digit of v(q)?
1
Let p(r) = -9*r**3 - r**2 - r + 6. Let a be p(-4). Suppose -51*f + 53*f = a. Suppose n = 4*n - f. What is the units digit of n?
5
Let z = -76 + 70. What is the tens digit of z*865/(-10) - -2?
2
Suppose 968 = 3*x - 1192. Suppose -v = -3*v + x. What is the tens digit of v?
6
Let z(w) be the third derivative of 91*w**5/60 + w**4/12 + w**3 - 86*w**2. What is the tens digit of z(-2)?
6
Let a(t) = -t**3 - 24*t**2 + 37*t + 15. Let g be a(-21). Let r be (4/(-6))/(3 + 6245/g). Let j = -80 - r. What is the units digit of j?
9
Suppose -5*h = -25, 3*h + 34782 = p - 2*h. What is the units digit of p?
7
What is the units digit of (1 + 484/(-28))/((-7276)/(-1820) - 4)?
0
Suppose -242 = -2*b + b. Suppose 5*k = b + 513. Suppose 3*h - k = 5*z, 3*h = -5*z + 34 + 97. What is the units digit of h?
7
Suppose 0 = 32*i - 43*i + 2453. Suppose -3*m = 105 + 204. Let o = m + i. What is the units digit of o?
0
Suppose 38 = 2*m - 46. Let d be 1878/m - (-4)/14. Suppose 5*u + h - 176 = 0, -4*h + d + 99 = 4*u. What is the tens digit of u?
3
Let b(y) = -y**3 - y**2 + 13*y + 3012. What is the units digit of b(0)?
2
Suppose -2*h + 5 = -g - 0*g, 0 = -h + 2*g + 1. Suppose 3376 = h*l + 394. What is the hundreds digit of l?
9
Let d be (1 - 83)*(2 - 0)*1. Let v = 420 - d. Suppose -v = -3*q - 131. What is the hundreds digit of q?
1
Suppose -8 - 11 = -b - 5*p, 4*b - 5*p = 1. What is the tens digit of (-6)/(-4) - b/((-8)/75)?
3
What is the tens digit of 42655/6 - (-269)/(-1614)?
0
Let a be 36/(-8)*(-4)/6. Suppose -a*z - 5*r + 4024 = 0, 3787 = 5*z - 4*r - 2858. What is the tens digit of z?
3
Suppose 4*n - 865 - 3897 = -2*s, 3*s + 5925 = 5*n. Suppose 0 = 3*b - n - 174. What is the tens digit of b?
5
Let f(k) = 10*k**3 + 6*k**2 + 4*k - 12. What is the thousands digit of f(5)?
1
Let f(g) = 21 - g**2 + 36*g - 18*g - 11*g + 11*g**2. What is the units digit of f(7)?
0
Let a(l) = -l**2 - 8*l + 1. Let f be a(-9). Let w be (20/f)/(15/(-12)). Let v(p) = 43*p - 6. What is the units digit of v(w)?
0
Suppose 71*y + 16 = 75*y. Suppose -2*u + y*x - 6 = -48, 3*u - 93 = -4*x. What is the units digit of u?
7
Let u = -8319 - -25587. What is the hundreds digit of u?
2
What is the thousands digit of 0 + (-28)/(-8) - 174225/(-6)?
9
Let q(l) = l + 2*l - 11*l**2 + 327 - l**3 - 163 + 0*l - 161. What is the tens digit of q(-13)?
0
Let i be (-1)/6 + (-37)/(-6). Let q = -34 - i. Let n = 61 + q. What is the tens digit of n?
2
Suppose -2*s = -8*s - 5670. Let u = s + 1353. What is the hundreds digit of u?
4
Let i = -26973 + 48202. What is the units digit of i?
9
Let a(y) = 24*y - 24. Let j be a(1). Suppose -r + 0*r + 5*g + 241 = j, 0 = -2*r + g + 455. What is the hundreds digit of r?
2
Suppose 546 - 36 = 2*h. Suppose 3*g + 2*g = h. Let k = g + -25. What is the units digit of k?
6
Suppose 6 - 3 = -3*a. Let j be a/(20/(-8))*5. Suppose j*b + 930 = 7*b. What is the tens digit of b?
8
Let d(b) = -3*b + b + 0*b**2 + 5*b**2 - 2. Let n = -141 + 144. What is the tens digit of d(n)?
3
Let b(c) = 45*c**2 + 7 + 45*c**2 + 20*c - 27*c**2 - 4. Let v be b(-3). Suppose -o - d = -2*d - 126, -2*d - v = -4*o. What is the tens digit of o?
2
Let y be (-10)/(4/((-2)/1)). Let s(l) = 73*l + 694. Let h be s(-9). Suppose -2*x - 29 = -y*x + z, 3*x + z - h = 0. What is the units digit of x?
1
Suppose -2*s = 2*j + 296, -j - 5*s = -24 + 164. Let f = -124 - j. What is the units digit of f?
6
What is the thousands digit of 13495 + -12*19/(-285) + (-34)/5?
3
Suppose -2*q + w = -33398, -2*q + 45967 - 12593 = 3*w. What is the units digit of q?
6
Let a(p) = -2*p**2 - 10*p + 27. Let v be a(-7). Let s(q) = -899*q. What is the units digit of s(v)?
9
Let u(s) = -422*s + 234. Let o be u